te j(r).
-3
Let b(d) = -d**2 - 20. Let c be b(0). Let x = c + 14. Let n(f) = f**2 + 12*f + 4. Let o(w) = w**2 + 13*w + 4. Let r(v) = 4*n(v) - 3*o(v). Give r(x).
-14
Let o(c) = c + 1. Let i(d) = 3*d + 11. Let f = -11 - -12. Let a(x) = f*i(x) - 4*o(x). Determine a(0).
7
Let l = 8 - 6. Let d(k) = -k**2 + 5*k + 1 - l - 6*k. Give d(-1).
-1
Let c(x) be the first derivative of -x**4/4 - 7*x**3/3 + 9*x**2/2 + 6*x - 343. Determine c(-7).
-57
Let o = -40 + 58. Suppose b - o = 4*y, 3*b - 1 = -7. Let t(u) be the second derivative of -u**3/3 - 3*u**2/2 - u. Calculate t(y).
7
Let h = 221 - 439/2. Let v(n) be the first derivative of h*n**2 + 1 + 6*n. Calculate v(-4).
-6
Suppose -3*p = 5*z - 120, 6*z - 2*z = 5*p - 237. Let x(o) = -p*o + 88*o + 6 - 44*o. Calculate x(0).
6
Let b = 2133 + -2133. Let k(o) = o**2 + o + 1. Let u(f) = 5*f**2 + 7*f + 9. Let g(h) = 6*k(h) - u(h). What is g(b)?
-3
Let b(i) = i**2 + i + 4. Suppose 352*v = 351*v. Calculate b(v).
4
Let b(w) = -7*w + 6. Let o = 101 + -106. What is b(o)?
41
Let s(z) = 1 - 9 - 15*z + 0 + 17*z + 6. Let l(q) = -q**3 + 3*q**2 - 2. Let i = 5 - 2. Let k be l(i). What is s(k)?
-6
Let f(z) = -z**3 + 4*z**2 + 4. Let v(a) be the third derivative of -a**5/60 - a**3/6 + 7*a**2. Let x(l) = f(l) - 2*v(l). Let c = 16 - 10. Give x(c).
6
Let u(g) = g**3 + g**2 - 1. Let o = 10 + -19. Let r be 3/(o/(-4))*3. Suppose -2*k + 11 = 3*k + 2*b, -r*k - b = -7. Calculate u(k).
1
Let f(j) = -9*j**2 + 3*j - 5. Let k(v) = 8*v**2 - 2*v + 4. Let b(g) = 2*f(g) + 3*k(g). Give b(-2).
26
Let w = 43 - 40. Suppose 3*c + 4*v + 8 = -0*c, w*v = -15. Let k(z) = 4*z**2 - 8*z - 1. Let p(l) = -l**2 + l + 1. Let o(x) = -k(x) - 3*p(x). Calculate o(c).
2
Suppose -11*b = -61*b. Let t(o) be the third derivative of b*o - 2/3*o**3 - 1/120*o**6 - 7/60*o**5 - 2*o**2 - 5/24*o**4 + 0. Calculate t(-6).
-10
Let x(q) = -q + 3. Let c(a) = -a**3 - 3*a**2 - 4*a - 2. Let u be c(-2). Let b be 0 + -2 + 3 - (u - 7). Determine x(b).
-3
Suppose -3 = -6*w - 111. Let z = 15 + w. Let q(v) = -1 + 3*v**2 + 63*v**3 - 62*v**3 - 4*v - 3. Determine q(z).
8
Let l(j) = 2*j**3 + j + 3*j + j**2 - 6*j. Suppose -4*t - 20 = 0, -3*g + 3*t = 2*g - 35. Suppose g*q + 0 = -8. Calculate l(q).
-8
Let r(x) = x**3 - 2*x**2 - x + 1. Let k be (-3)/3 + -10 + 2. Let i be (-14)/(-63)*6*9*-3. Let v be (-1 - 28/i)*k. Determine r(v).
-1
Suppose 0 = -f + 4*f. Suppose 2*x - 6 + f = -l, 14 = -5*l + x. Let j(u) be the second derivative of u**4/6 + u**3/6 + u**2 - 9*u + 5. What is j(l)?
8
Let v(n) be the first derivative of -7*n**3/3 + n**2 - n - 21. Calculate v(2).
-25
Let p(u) = -3*u + 2. Let w(q) = -q**2 - 10*q + 3. Let b be w(-7). Let i be -1 + (b/2)/4. What is p(i)?
-4
Suppose 4*a = -4*s + 28, 2*s - 2 + 0 = a. Suppose -6 = 3*m, -4*d + d - 5 = a*m. Let l(n) = 12*n**2 - n. Give l(d).
11
Let y be 4/18 + 16/9. Let c(v) = 6*v**3 - 7*v**2 + 3*v + 5. Suppose 4*g - 5 = -21. Let m(i) = 5*i**3 - 6*i**2 + 3*i + 4. Let d(q) = g*c(q) + 5*m(q). Give d(y).
6
Let k(n) = -n**2 + 7*n - 5. Let h(j) = -5*j**2 - 4 - 20 - 2 + 0 + 34*j. Let v(a) = 2*h(a) - 11*k(a). Let b(t) = -9*t + 216. Let y be b(23). Give v(y).
3
Let y(g) = -7*g. Let i(d) = 3*d - 9. Let k(v) = -4*v + 9. Let o(a) = 6*i(a) + 5*k(a). Let h be o(-5). Determine y(h).
-7
Let j(v) be the first derivative of -v**2/2 + 2*v + 56. Determine j(-4).
6
Let l(o) = -6*o - 13. Let x be l(-2). Let d be (((-30)/9)/x)/((-4)/(-6)). Let h(p) = -5*p + 7. Calculate h(d).
-18
Let k(t) = -14 - 3*t - 6 - 8. Give k(-8).
-4
Let a(b) = -b**2 + 4. Suppose -19 = -2*s - g, 2*s - 4*g - 16 = 28. Let v = s - 7. Suppose t + 0*y = -3*y, v*y = -2*t. What is a(t)?
4
Let x(r) = -213*r + 52*r + 4 + 56*r + 47*r + 55*r. Suppose -n + 0 = -3. Calculate x(n).
-5
Let g(l) = -4*l**3 + 2*l - 1. Let u(j) = 5*j**3 + 3*j**2 - j + 7. Let a(x) = g(x) + u(x). Calculate a(-4).
-14
Let w(b) = -b**3 - 10*b**2 + 14*b + 32. Let f(r) = -50*r + 889. Let k be f(18). Calculate w(k).
-1
Let d(c) = -5*c**3 - 14*c**2 - 12*c - 4. Let o(x) = 14*x**3 + 41*x**2 + 36*x + 14. Let m(l) = -11*d(l) - 4*o(l). What is m(-9)?
15
Let i = 1432 + -1417. Let d(x) = -x + 22. What is d(i)?
7
Suppose 9*n - 24*n - 90 = 0. Let q(s) = 3*s + 10. Calculate q(n).
-8
Let l be 30/6 + 0 + -3. Let z(w) = 2*w - 9*w**l + 8*w**2 + 5 - 4*w. Let o be ((-16)/(-20))/((-1)/5). Give z(o).
-3
Let p(r) = -2*r**2 + 3*r - 4. Let j = 49 - 55. Let t be 1 + j/3 - -5. Calculate p(t).
-24
Let p(v) = v**3 - 4*v**2 + 4*v - 1. Let d be (7 + (-5 - 0))*2. What is p(d)?
15
Suppose 138 = f - 7*f. Let r = 25 + f. Let m(x) = -x + 6. Let c(a) = 4. Let b(z) = 6*c(z) - 4*m(z). What is b(r)?
8
Let q(r) = -r**3 - 6*r**2 - r - 3. Let j be q(-6). Suppose 0*i - 2*i = 0. Let p(s) = i*s**3 - 2*s**j + 6*s**3 - s - 2*s**2 - 2*s**3. Calculate p(-1).
-3
Let x(v) be the second derivative of v**7/840 - v**6/60 + v**5/30 + v**4/8 + 14*v**3/3 + 23*v. Let b(j) be the second derivative of x(j). What is b(5)?
-2
Suppose -4*n + q + 12 = -0*n, 3*q = 5*n - 22. Let w(g) = 0*g + 0*g - 2*g - 1 - g**n. Suppose 19*f = 62 - 81. Give w(f).
0
Let y(m) = -14*m - 8. Let z(n) = 5*n + 3. Let j = -18 - -14. Let q(u) = j*y(u) - 11*z(u). Give q(7).
6
Suppose 3*b - 8 - 19 = 0. Let y(x) = 10 - b - 7 - x. Calculate y(0).
-6
Let r = -1181 - -1181. Let k(o) = o**2 - o + 1. Calculate k(r).
1
Let x = -186 + 189. Let c(k) = 2*k**2 + 2*k. Determine c(x).
24
Let r(b) be the third derivative of 1/3*b**3 - 2*b**2 - 12*b + 0 + 1/12*b**4. Suppose -4 = 2*u - 0*u. What is r(u)?
-2
Let z be 3 + 1 + (0/6)/5. Let b(v) = 2*v**3 - 5*v**2 - v - 4. Calculate b(z).
40
Let l = -3 + 4. Let o(v) = 7*v**2 - 3*v - 4. Let z(q) = 2*q**2 + q + 1. Let g(s) = o(s) + 4*z(s). What is g(l)?
16
Let q = -372 + 375. Let k(p) = p**3 - p + 3. Determine k(q).
27
Let p = -27 - 3. Let k = 2 - p. Let b = 34 - k. Let r(a) = a**2 - a + 1. Give r(b).
3
Let l(k) = -k**3 + 4*k**2 - 3*k + 1. Let d(y) = y**2 - 6*y - 9. Let r = 13 + -6. Let z be d(r). Let q = 1 - z. Give l(q).
1
Let d(t) be the first derivative of 5*t**2 - 4*t - 110. Give d(5).
46
Let q(j) = -13*j - 8. Let w(v) = 22*v + 14. Let r(y) = 5*q(y) + 3*w(y). Determine r(5).
7
Let a(i) = -43547*i + 3 - 2 + 43548*i. Suppose 0*c - c - 4 = 0. Give a(c).
-3
Suppose 0 = -p + 2*p + 8. Let z be p/32 - (-18)/8. Let h(w) = w + w + z - 4 + 5. Give h(-2).
-1
Let a be (-204)/(-28) + 2/(-7). Let q(z) = -z + 13. Let d be q(a). Let c(g) be the first derivative of g**3/3 - 4*g**2 + 6*g - 1. Give c(d).
-6
Let w(o) = -o**3 + 6*o**2 - 4*o - 2. Let a be (2/(-6))/((-7)/(-42)). Let n be (13/3)/(a/6). Let p = n + 18. Calculate w(p).
3
Let m(t) = -4*t - 2. Let d be m(-3). Let h be (120/d)/(6/(-4)). Let k = h - -8. Let c(j) = j**3 + j**2 - j - 3. Calculate c(k).
-3
Let j(a) = 59*a - 26*a + 4 - 35*a + 0. What is j(-5)?
14
Let a(z) = -205 + z**2 + 205 + 13*z. Calculate a(-13).
0
Let c(p) be the first derivative of -p**4/4 - 3*p**3 + 4*p**2 - 13*p + 258. Determine c(-10).
7
Let y(k) be the first derivative of -k**4/12 + k**3 + 19*k**2/2 + 8. Let w(h) be the second derivative of y(h). Let c be (-6)/1*(2 + -3). Calculate w(c).
-6
Let b(q) = -q + 2*q - 2*q. Let c = 1 - -11. Suppose -3*d - 11 = -t, 5*d + 8 = 2*t - c. What is b(t)?
-5
Let h(s) = -s**2 + 1. Let i(t) = t**2 + 3*t - 1. Let p be i(-5). Suppose -4*z + 2*v + 28 = -0*v, -5*z + 36 = -3*v. Suppose 0 = -6*a + p*a - z. Give h(a).
-3
Let f(y) = y**2 - 4*y - 1. Suppose -150*c - 16 = -151*c. Let o = c - 11. Determine f(o).
4
Let o(b) be the third derivative of -6*b**2 + 1/24*b**4 + 0*b + 1/60*b**5 + 0*b**3 + 0. Calculate o(-1).
0
Let k(o) be the first derivative of -37*o**4/4 - 5*o**3/3 - o**2/2 + 7*o + 26. Let p(z) = 19*z**3 + 2*z**2 - 3. Let c(q) = -2*k(q) - 5*p(q). Determine c(-1).
20
Let c(s) = -2*s - 6. Let g(a) = 50*a + 246. Let i be g(-5). Calculate c(i).
2
Let t(n) = n**2 + 29*n - 14. Let z be t(-29). Let q(b) = b**2 + 15*b + 10. Determine q(z).
-4
Let t(b) = b**3 + 7*b**2 - b - 4. Let r be (280/32)/5*-4. Give t(r).
3
Suppose 6 = -o + 3*i, 5*o + 0*i = -3*i + 6. Suppose -4 + 0 = -4*q. Let a(h) = 6 + 0*h + q - h. Give a(o).
7
Let b(u) be the second derivative of -u**3/3 + 25*u**2/2 + 2*u - 2. Give b(8).
9
Let g(d) be the first derivative of d**2 - 7*d + 11. Let p = 9 - 5. Suppose 4*y - s - 3*s = 0, 0 = -p*y + 2*s + 10. What is g(y)?
3
Let c(t) = t**3 + 9*t**2 - 21*t + 22. Let i = 10